{"id":494,"date":"2026-03-23T12:46:44","date_gmt":"2026-03-23T12:46:44","guid":{"rendered":"https:\/\/trendideenfashion.de\/?page_id=494"},"modified":"2026-03-31T14:49:33","modified_gmt":"2026-03-31T14:49:33","slug":"impressum","status":"publish","type":"page","link":"https:\/\/trendideenfashion.de\/?page_id=494","title":{"rendered":"Impressum"},"content":{"rendered":"\n<p class=\"has-poppins-font-family has-small-font-size\" style=\"font-style:normal;font-weight:200\">Angaben gem\u00e4\u00df \u00a7 5 TMG: <\/p>\n\n\n\n<p class=\"has-poppins-font-family has-small-font-size\" style=\"font-style:normal;font-weight:200\">Sandra Waschik<br>Trend Ideen Fashion<br>Kemnaderstr. 1<br>44797 Bochum<\/p>\n\n\n\n<p class=\"has-poppins-font-family has-small-font-size\" style=\"font-style:normal;font-weight:200\"><strong><em>Kontakt <\/em><\/strong><\/p>\n\n\n\n<p class=\"has-poppins-font-family has-small-font-size\" style=\"font-style:normal;font-weight:200\">Telefon <a href=\"tel:0492344629200\">02344629200<\/a><\/p>\n\n\n\n<p class=\"has-poppins-font-family has-small-font-size\" style=\"font-style:normal;font-weight:200\">Email  <a href=\"mailto:info@trendideenfashion.de\">info@trendideenfashion.de<\/a><\/p>\n\n\n\n<div style=\"height:7px\" aria-hidden=\"true\" class=\"wp-block-spacer\"><\/div>\n\n\n\n<h3 class=\"wp-block-heading has-poppins-font-family has-large-font-size\" style=\"font-style:normal;font-weight:200\"><strong><em>Umsatzsteuer-ID :<\/em><\/strong><\/h3>\n\n\n\n<p class=\"has-poppins-font-family has-small-font-size\" style=\"font-style:normal;font-weight:200\">Umsatzsteuer-Identifikationsnummer gem\u00e4\u00df \u00a727 a Umsatzsteuergesetz: DE 127118751<\/p>\n\n\n\n<p class=\"has-poppins-font-family has-large-font-size\" style=\"font-style:normal;font-weight:200\"><strong><em>Streitschlichtung<\/em><\/strong><\/p>\n\n\n\n<p class=\"has-poppins-font-family has-small-font-size\" style=\"font-style:normal;font-weight:200\">Die Europ\u00e4ische Kommission stellt eine Plattform zur Online-Streitbeilegung (OS) bereit: Unsere E-Mail-Adresse finden Sie oben im Impressum. Wir sind nicht bereit oder verpflichtet, an Streitbeilegungsverfahren vor einer Verbraucherschlichtungsstelle teilzunehmen.<\/p>\n\n\n\n<p class=\"has-poppins-font-family has-small-font-size\" style=\"font-style:normal;font-weight:200\">Quelle: <a href=\"http:\/\/www.e-recht24.de\">http:\/\/www.e-recht24.de<\/a>&nbsp;&nbsp;&nbsp;&nbsp;&nbsp;&nbsp;&nbsp;&nbsp;&nbsp;&nbsp;&nbsp;&nbsp;&nbsp;&nbsp;&nbsp;&nbsp;&nbsp;&nbsp;&nbsp;&nbsp;&nbsp;&nbsp;&nbsp;&nbsp;&nbsp;&nbsp;&nbsp;&nbsp;&nbsp;&nbsp;&nbsp;&nbsp;&nbsp;&nbsp;&nbsp;&nbsp;&nbsp;&nbsp;&nbsp;&nbsp;&nbsp;&nbsp;&nbsp;&nbsp;&nbsp;&nbsp;&nbsp;&nbsp;&nbsp;&nbsp;&nbsp;&nbsp;&nbsp;&nbsp;&nbsp;&nbsp;&nbsp;&nbsp;&nbsp;&nbsp;&nbsp;&nbsp;&nbsp;&nbsp;&nbsp;&nbsp;&nbsp;&nbsp;&nbsp;&nbsp;&nbsp;&nbsp;&nbsp;<\/p>\n\n\n\n<p class=\"has-poppins-font-family has-large-font-size\" style=\"font-style:normal;font-weight:200\"><strong><em>Datenschutz<\/em><\/strong><\/p>\n\n\n\n<p class=\"has-poppins-font-family has-small-font-size\" style=\"font-style:normal;font-weight:200\">Die Betreiber dieser Seiten nehmen den Schutz Ihrer pers\u00f6nlichen Daten sehr ernst. Wir behandeln Ihre personenbezogenen Daten vertraulich und entsprechend der gesetzlichen Datenschutzvorschriften sowie dieser Datenschutzerkl\u00e4rung. Die Nutzung unserer Website ist in der Regel ohne Angabe personenbezogener Daten m\u00f6glich. Soweit auf unseren Seiten personenbezogene Daten (beispielsweise Name, Anschrift oder E-Mail-Adressen) erhoben werden, erfolgt dies, soweit m\u00f6glich, stets auf freiwilliger Basis. Diese Daten werden ohne Ihre ausdr\u00fcckliche Zustimmung nicht an Dritte weitergegeben. Wir weisen darauf hin, dass die Daten\u00fcbertragung im Internet (z.B. bei der Kommunikation per E-Mail) Sicherheitsl\u00fccken aufweisen kann. Ein l\u00fcckenloser Schutz der Daten vor dem Zugriff durch Dritte ist nicht m\u00f6glich.<\/p>\n\n\n\n<p class=\"has-poppins-font-family has-small-font-size\" style=\"font-style:normal;font-weight:200\">Quelle: <a href=\"http:\/\/www.e-recht24.de\">https:\/\/www.e-recht24.de<\/a><\/p>\n","protected":false},"excerpt":{"rendered":"<p>Angaben gem\u00e4\u00df \u00a7 5 TMG: Sandra WaschikTrend Ideen FashionKemnaderstr. 144797 Bochum Kontakt Telefon 02344629200 Email info@trendideenfashion.de Umsatzsteuer-ID : Umsatzsteuer-Identifikationsnummer gem\u00e4\u00df \u00a727 a Umsatzsteuergesetz: DE 127118751 Streitschlichtung Die Europ\u00e4ische Kommission stellt eine Plattform zur Online-Streitbeilegung (OS) bereit: Unsere E-Mail-Adresse finden Sie oben im Impressum. Wir sind nicht bereit oder verpflichtet, an Streitbeilegungsverfahren vor einer Verbraucherschlichtungsstelle teilzunehmen. [&hellip;]<\/p>\n","protected":false},"author":1,"featured_media":386,"parent":0,"menu_order":0,"comment_status":"closed","ping_status":"closed","template":"","meta":{"footnotes":""},"class_list":["post-494","page","type-page","status-publish","has-post-thumbnail","hentry"],"_links":{"self":[{"href":"https:\/\/trendideenfashion.de\/index.php?rest_route=\/wp\/v2\/pages\/494","targetHints":{"allow":["GET"]}}],"collection":[{"href":"https:\/\/trendideenfashion.de\/index.php?rest_route=\/wp\/v2\/pages"}],"about":[{"href":"https:\/\/trendideenfashion.de\/index.php?rest_route=\/wp\/v2\/types\/page"}],"author":[{"embeddable":true,"href":"https:\/\/trendideenfashion.de\/index.php?rest_route=\/wp\/v2\/users\/1"}],"replies":[{"embeddable":true,"href":"https:\/\/trendideenfashion.de\/index.php?rest_route=%2Fwp%2Fv2%2Fcomments&post=494"}],"version-history":[{"count":25,"href":"https:\/\/trendideenfashion.de\/index.php?rest_route=\/wp\/v2\/pages\/494\/revisions"}],"predecessor-version":[{"id":881,"href":"https:\/\/trendideenfashion.de\/index.php?rest_route=\/wp\/v2\/pages\/494\/revisions\/881"}],"wp:featuredmedia":[{"embeddable":true,"href":"https:\/\/trendideenfashion.de\/index.php?rest_route=\/wp\/v2\/media\/386"}],"wp:attachment":[{"href":"https:\/\/trendideenfashion.de\/index.php?rest_route=%2Fwp%2Fv2%2Fmedia&parent=494"}],"curies":[{"name":"wp","href":"https:\/\/api.w.org\/{rel}","templated":true}]}}